(-6 - 0) + 7 + -4 + 5?
2
Calculate -1 - (-17 - (0 + -10)).
6
Calculate 13 - (5 + -4 + 8).
4
What is the value of 4 - (-1 + 7 - 3)?
1
What is the value of (2 + 5 - (9 + -5)) + 2?
5
What is (0 - -2) + (-2 + 12 - 9)?
3
What is 1 + (-15 - 2) + 16 + -9?
-9
Evaluate (13 + 3 - 6) + -8.
2
What is 236 + -229 + (-2 - 0 - 3)?
2
Calculate 0 - 1 - (-3 - 4 - -8).
-2
What is -1 + (-4 - -5 - 2) + -4?
-6
-17 + 3 + 13 + -6
-7
What is the value of -2 + -6 + -5 + 10 + -1?
-4
Calculate 0 + 7 + -8 + 2 + -5.
-4
Calculate -3 - 0 - (-3 - -3).
-3
What is the value of (1 - ((-7 - -3) + 6)) + 1?
0
What is 16 + 3 + -10 + -6?
3
5 + (-1 - 0 - 3)
1
What is the value of (3 + -2 - 2) + 3?
2
0 + (3 - (12 - (7 + -2)))
-4
Evaluate 20 + -17 - (1 - -2) - 2.
-2
What is the value of 6 + 2 + -4 + -3?
1
Calculate 5 - (1 + 2 + 0) - 0.
2
What is the value of 4 - (9 - (15 + -6))?
4
Evaluate (1 - -2) + 23 + -24.
2
What is the value of -9 + 4 + -2 - (-132 + 120)?
5
Calculate -2 - -2 - (-1 + -5).
6
Calculate -2 - -1 - -7 - 11.
-5
Evaluate -2 - (-3 - 3 - (-9 - -7)).
2
Calculate 3 - (4 + -4 + -3 - -4).
2
What is the value of -2 + (-5 - (-5 - 7))?
5
Evaluate -1 - 3 - (1 + -4).
-1
Evaluate 6 - (-46 - -51 - (1 + 0)).
2
What is (-3 + 2 - (9 + -5)) + 9?
4
-3 + (-4 - -5 - 2)
-4
What is the value of (0 - -1) + (4 - -8 - 8)?
5
-23 - -28 - (-1 + 6 + 2)
-2
(5 - (-12 - -3)) + -9
5
(4 - 1 - 4) + 3
2
-7 + 3 + 2 + 4 - 4
-2
2 + 1 - (-6 + 6 + 2)
1
What is -3 - (-2 + 4 - (-1 + 3))?
-3
What is the value of -3 - ((1 - 1) + 4 + -4)?
-3
Calculate 4 - (7 + 5 + -1).
-7
(-2 - (1 + -2)) + 1
0
Calculate 8 + (-1 - (4 + (-6 - -7))).
2
Evaluate 0 - -7 - (1 - (-8 - -8)).
6
What is -4 + 1 + (1 - -7) + -6?
-1
What is 3 - (-1 + (-8 - -4) + 17)?
-9
Calculate 9 + (2 - 15 - -9).
5
What is the value of 1 - -2 - ((-4 - -6) + -2)?
3
What is the value of (0 - 3) + (-8 - -20 - 0)?
9
Evaluate -36 + 35 - (2 - 3).
0
What is the value of -1 + 3 + -1 + (20 - 19)?
2
Evaluate 7 + 5 - 5 - 11 - -6.
2
What is the value of 10 - 1 - (-10 + 15) - 0?
4
-8 + (4 - 9 - (-6 - 2))
-5
What is -1 - -2 - (-10 + 12)?
-1
(-3 - -8) + -4 + (5 - 2)
4
Calculate -11 + -1 - (-5 + -3).
-4
What is (-3 - -2) + -1 + 1?
-1
Evaluate -5 + (-1 - -11) + -1 + -7.
-3
(-2 - -3) + (-1 - (-5 - -5))
0
What is the value of (8 + (-7 - -6) - 12) + -2?
-7
-4 - (1 + 3) - -4
-4
What is 4 + (-1 - -2) - -3?
8
5 - (-8 + 19 - 6)
0
Evaluate (-4 - 6) + 6 + -4 + 3.
-5
What is 6 - 1 - (23 + -18)?
0
Evaluate (14 - 17) + -2 + 4.
-1
Calculate 1 + (2 - (8 + -5)).
0
Evaluate -3 + (0 - -7) + 1 - 9.
-4
What is -20 + 16 - (3 - 13)?
6
Evaluate 0 + -3 + 3 - 1.
-1
What is -1 + 0 + (-11 - -8)?
-4
(-2 - (4 - 6)) + 1 + 0
1
What is -1 + 2 + (4 - 11) + 2?
-4
What is the value of (2 - -4) + 3 - 2?
7
What is the value of -6 - (-11 + -7 + 14 + -3)?
1
-4 + 0 + -1 - (18 + -18)
-5
(5 - (3 + -1)) + 1 - -1
5
Calculate 1 + (2 - 2) - 2.
-1
Calculate 3 + (-1 - (7 + -6)).
1
Evaluate 3 - (12 + 4 + -8).
-5
Evaluate (8 - 9) + (3 - -2).
4
Evaluate 7 - (6 - (-16 - -10)).
-5
What is the value of -8 + (-2 - -7) + 0 + -2?
-5
What is the value of -5 - -1 - (-3 + 4 - 6)?
1
What is -6 + 16 - (4 - -1)?
5
-7 + 5 + -6 + 4
-4
Evaluate -6 + -1 + (3 - 2).
-6
Calculate (1 - 7) + -29 + 37.
2
(13 - 1 - (-13 + 20)) + -14
-9
-15 + 16 - (-3 + 0)
4
What is -2 - (-6 + 7 + -4 - -3)?
-2
Calculate 7 + (-10 - (-20 + 6 + 7)).
4
4 + (4 - -2) + -8
2
Calculate 1 + (-5 - -11 - 3) - 6.
-2
Evaluate -1 + 6 - (1 + -4).
8
What is the value of -5 - (-18 - (-2 + -8 + 5))?
8
Calculate -2 - (0 + -6 - (-5 + -3)).
-4
What is the value of 8 + -13 - (-3 + -2)?
0
What is the value of 10 + -2 - (37 - 30) - 4?
-3
-9 + 13 + -18 - -8
-6
What is the value of -1 + -2 + 1 + 7 + -1?
4
What is the value of 7 + -7 + 11 - 11?
0
What is the value of 9 - (-1 - -7) - 10?
-7
-1 - (6 + -6 + 5)
-6
Evaluate 1 + -2 + 3 + 0.
2
Evaluate 6 + (1 - 6) + 2 + 1.
4
What is the value of (1 - (8 + -6)) + 1 - 6?
-6
What is 6 + (-3 - 3 - -4)?
4
What is (2 - 2) + 13 + -21?
-8
Evaluate 2 - (-7 - (0 + -4)).
5
What is the value of (7 - 0) + -12 - -2?
-3
What is 1 - -5 - (4 + 3)?
-1
What is the value of 7 + -2 + -1 + -8?
-4
Evaluate 0 + 3 + -12 - 1.
-10
0 + 7 + (68 - 77)
-2
-1 + (4 - (1 - -1))
1
What is -2 + 0 + (6 + 8 - 19)?
-7
What is the value of (-8 - (2 + -7)) + -1 + 8?
4
What is the value of 1 + -3 + 5 - 0?
3
Evaluate 12 + (6 - 8) + -7.
3
What is -5 - ((-6 - 0) + 0 + 2)?
-1
What is the value of 3 - (2 + 1 - 0)?
0
Evaluate 4 + (1 + -19 - -4 - -4).
-6
Evaluate 2 + -3 + 1 + -1 + -4.
-5
What is -3 - (1 + (-3 - -3))?
-4
Evaluate -2 + -10 - (-16 + -5 + 16).
-7
Evaluate -3 + (-2 - (-5 + -2)) + -6.
-4
Calculate 6 - (-4 - -4 - -7).
-1
What is 1 + -6 + 4 + 0 + 3?
2
What is the value of -2 + (-8 - -8) + 5?
3
What is the value of -3 + -6 + (12 - 2)?
1
What is the value of -111 - -115 - (0 - -3)?
1
Calculate (4 - 1) + (-10 - -9) + 5.
7
(0 - (-2 + 4)) + (-3 - -10)
5
What is (1 - (-6 + 1)) + -6?
0
Evaluate -2 - -5 - (31 + -34).
6
Calculate 4 + (4 + 0 + -2 - 3).
3
9 + -2 - (17 - 11)
1
Evaluate 1 + (0 - 0) + 2 + -1.
2
Evaluate -3 + -1 + (-1 - -1 - -1).
-3
Calculate (-2 - (1 + -10)) + -6.
1
-2 + 2 + -5 + 6
1
-5 - (-6 + (-9 - -4))
6
What is the value of (2 - -1) + -29 + 22?
-4
Calculate -3 + (-5 - (5 + -6) - -9).
2
What is the value of 4 + (21 - 13 - 6)?
6
(5 - 13 - -3) + 7
2
(-16 - -16) + (0 - -2) + 1
3
Calculate 5 + -1 + (3 - 11) + 5.
1
9 + -11 + 2 + 6
6
11 - 2 - (3 - (-8 + 9))
7
What is -3 + 0 + (3 - -4)?
4
Calculate (4 - -2 - (0 - 1)) + -9.
-2
Evaluate 2 - 1 - (-3 - -8).
-4
What is the value of 8 + (-5 - (7 - 6))?
2
What is -6 + (8 - (-2 + 5 - -2))?
-3
Evaluate 33 - 40 - (-1 + -1) - -6.
1
Calculate 25 + -54 + 25 - (-1 - 10).
7
-6 + -9 + (11 - 3) + -3
-10
What is the value of (5 + 4 - -8) + -7?
10
What is 3 + -2 + 4 - (32 + -32)?
5
-1 + 2 + -1 + -11 + 8
-3
-34 - -36 - (-2 + 0 + 2)
2
What is the value of 8 + -9 - (9 + -5 + -9)?
4
Evaluate -1 + 1 - 2 - (36 - 37).
-1
What is the value of 0 + -3 + (6 - 8) + 3?
-2
What is -2 - -5 - (45 + -36)?
-6
What is the value of 4 + 6 + -3 + 0?
7
Calculate 1 + -4 + -1 + -2 + 2.
-4
What is 1 - 3 - (10 - 13)?
1
Calculate -1 + (4 - (4 - 1 - -4)).
-4
13 - (2 - -2 - -3)
6
What is -13 - -11 - (-2 - 3)?
3
What is 19 + 0 + -7 + -6?
6
Evaluate (4 - (0 + 4)) + -4.
-4
Evaluate (-3 - (-3 + 2)) + (-2 - -1).
-3
What is the value of (2 - 6 - (1 - 3)) + 2?
0
Evaluate -1 - (-2 - 7 - -16).
-8
Evaluate 15 + -2 - (7 - -1).
5
What is the value of -21 - -10 - -11 - (1 - 7)?
6
-5 - ((-13 - -10) + -11 + 3)
6
What is the value of -2 - (6 - (2 + -9)) - -6?
-9
What is the value of (-8 - 1) + -3 + (3 - -8)?
-1
-6 - (4 - 0) - -11
1
Calculate 2 + (0 - 5) + (-26 - -29).
0
Calculate 101 + -105 - (1 + -1).
-4
Calculate -1 + 0 - 3 - (-2 - 3).
1
What is the value of -11 - (0 + 7 + -13)?
-5
Calculate (-1 - 2) + 6 + -4.
-1
Calculate 2 + -4 + 0 - (-1 + -2).
1
What is 1 - (1 - (-5 - (3 - 6)))?
-2
What is 0 + 8 - (7 - 1)?
2
Evaluate 0 - (-1 + -5 - -2).
4
Calculate (-1 - 9) + (6 - -2).
-2
1 + 3 + 8 + -8
4
What is -4 + 2 - (-6 - -6)?
-2
0 - (2 + -2 + 8)
-8
Evaluate 12 + -3 - (7 + -5 + 3).
4
What is the value of 14 + -1 + -2 - (38 - 33)?
6
What is the value of -3 - (3 + (0 - (4 - 0)))?
-2
Evaluate 1 + 2 + -5 + -1 - -3.
0
Calculate -1 - -3 - (-4 + (7 - 3)).
2
Calculate -7 - (0 + (-5 - -2)).
-4
6 + (0 + 1 - 9 - 1)
-3
What is 3 + -4 - (0 + 0) - 1?
-2
What is the value of -3 + 7 - (-1 + 2 - 0)?
3
What is 4 - (4 - 4) - 4?
0
-1 + (1 - (0 + -6 + 2))
4
(0 - (-1 + 1 - -2)) + 1
-1
Calculate -3 + (2 - 2) - 1 - -7.
3
Evaluate -10 + 17 - (-11 - -12).
6
31 + -31 - (2 - -2)
-4
-8 + (2 - -2) - (-8 + 3)
1
(-2 - -7) + 2 + -2
5
Evaluate 10 - ((-2 - 3) + 13).
2
Evaluate (12 - 11) + -8 + 12.
5
Calculate (15 - (-16 + 33)) + -1 + -4.
-7
Evaluate -1 + 5 + (5 - 4 - 2).
3
What is 7 + -24 + 19 + 1 + -1?
2
Calculate -12 + 8 + 2 - -11.
9
10 + 1 + (-10 - -1)
2
Calculate 4 + -1 + -12 + (3 - -5).
-1
-3 + (9 - 1) - 3
2
What is (-5 - (5 - 4)) + (1 - -2)?
-3
What is -3 + 14 + 0 - (-13 - -17)?
7
What is -3 - -1 - (-1 + 6 + -4)?
-3
Calculate (3 - (1 - -3)) + (-7 - -18).
10
-4 + (0 - (-2 + 0))
-2
What is 0 + (4 - (-1 - (-4 - 1)))?
0
What is 4 - -6 - (11 - 0)?
-1
Evaluate 4 + -2 + 0 + (4 - 4).
2
What is 0 - (13 + -7 - 1)?
-5
Evaluate -1 - ((1 - -7) + -1 + -3).
-5
Calculate (-3 - 0) + (0 - -6) + -1.
2
Calculate (-9 - -1) + 3 - (10 + -6).
-9
Calculate 0 +